 105?
21
Calculate the highest common divisor of 30 and 48.
6
Calculate the highest common divisor of 1595 and 110.
55
What is the highest common divisor of 232 and 1044?
116
What is the highest common factor of 999 and 444?
111
What is the highest common divisor of 60 and 480?
60
What is the highest common divisor of 32 and 208?
16
Calculate the highest common divisor of 407 and 37.
37
What is the greatest common divisor of 68 and 3604?
68
Calculate the highest common factor of 63 and 154.
7
What is the highest common divisor of 147 and 49?
49
Calculate the greatest common factor of 1184 and 80.
16
What is the highest common divisor of 21 and 1533?
21
Calculate the greatest common divisor of 48 and 84.
12
What is the highest common divisor of 16 and 64?
16
What is the greatest common divisor of 1188 and 132?
132
Calculate the greatest common factor of 4053 and 21.
21
Calculate the greatest common divisor of 376 and 248.
8
What is the greatest common divisor of 9 and 21?
3
What is the highest common divisor of 138 and 24?
6
What is the greatest common factor of 41944 and 98?
98
What is the highest common divisor of 63 and 144?
9
What is the highest common factor of 396 and 352?
44
Calculate the greatest common factor of 13 and 117.
13
What is the greatest common factor of 1771 and 77?
77
What is the greatest common factor of 1054 and 204?
34
Calculate the greatest common divisor of 54 and 12933.
27
Calculate the highest common factor of 354 and 4720.
118
What is the highest common factor of 368 and 32?
16
Calculate the greatest common divisor of 4 and 36.
4
What is the highest common factor of 62 and 6?
2
What is the greatest common factor of 20 and 5?
5
What is the greatest common divisor of 314 and 10?
2
What is the highest common factor of 570 and 6783?
57
Calculate the greatest common divisor of 64 and 20.
4
Calculate the greatest common factor of 504 and 192.
24
What is the greatest common divisor of 6 and 2?
2
Calculate the highest common divisor of 350 and 1225.
175
Calculate the highest common divisor of 220 and 10.
10
Calculate the highest common factor of 252 and 72.
36
Calculate the highest common factor of 126 and 792.
18
What is the highest common factor of 1530 and 135?
45
Calculate the highest common factor of 5729 and 17.
17
Calculate the highest common divisor of 3 and 443.
1
What is the greatest common divisor of 13019 and 2216?
277
What is the greatest common divisor of 12064 and 64?
32
What is the greatest common divisor of 9 and 1266?
3
What is the highest common divisor of 33 and 22?
11
Calculate the highest common factor of 67 and 268.
67
Calculate the greatest common factor of 172 and 92.
4
What is the highest common factor of 18 and 243?
9
Calculate the highest common factor of 152 and 684.
76
Calculate the highest common factor of 22 and 110.
22
What is the greatest common divisor of 108 and 19332?
108
Calculate the highest common factor of 16 and 1264.
16
What is the greatest common divisor of 1111 and 110?
11
What is the greatest common divisor of 30 and 2010?
30
Calculate the highest common divisor of 382 and 4.
2
What is the highest common factor of 22 and 473?
11
Calculate the greatest common divisor of 3328 and 13.
13
Calculate the greatest common divisor of 1120 and 10.
10
Calculate the greatest common factor of 12 and 150.
6
Calculate the greatest common factor of 792 and 2664.
72
Calculate the greatest common divisor of 18645 and 99.
33
What is the greatest common divisor of 1482 and 1596?
114
Calculate the greatest common factor of 5628 and 336.
84
What is the highest common factor of 13 and 3?
1
Calculate the highest common divisor of 57 and 2.
1
Calculate the greatest common divisor of 49 and 1050.
7
What is the highest common divisor of 24 and 128?
8
Calculate the highest common factor of 1938 and 456.
114
What is the highest common divisor of 100 and 2475?
25
Calculate the highest common factor of 11 and 8.
1
What is the greatest common divisor of 8840 and 208?
104
What is the greatest common divisor of 330 and 90?
30
Calculate the greatest common factor of 741 and 2613.
39
Calculate the highest common factor of 300 and 100.
100
Calculate the highest common factor of 195 and 4420.
65
Calculate the greatest common factor of 1995 and 1064.
133
Calculate the highest common divisor of 2629 and 956.
239
What is the greatest common divisor of 300 and 3750?
150
What is the highest common factor of 27 and 12?
3
Calculate the highest common divisor of 50 and 125.
25
Calculate the highest common factor of 88 and 374.
22
Calculate the greatest common divisor of 80 and 130.
10
Calculate the highest common divisor of 7055 and 51.
17
Calculate the greatest common divisor of 517 and 94.
47
What is the highest common factor of 21 and 9611?
7
What is the highest common divisor of 833 and 136?
17
What is the highest common divisor of 515 and 5974?
103
What is the greatest common factor of 550 and 66?
22
What is the highest common divisor of 2320 and 435?
145
What is the highest common factor of 21 and 4767?
21
What is the greatest common divisor of 63 and 144?
9
What is the highest common divisor of 13 and 18?
1
What is the greatest common divisor of 44 and 5302?
22
What is the greatest common divisor of 51 and 5899?
17
Calculate the greatest common divisor of 405 and 270.
135
What is the greatest common factor of 46 and 23?
23
What is the highest common factor of 132 and 572?
44
Calculate the highest common factor of 27 and 639.
9
What is the highest common factor of 2033 and 856?
107
What is the greatest common divisor of 13965 and 35?
35
Calculate the highest common divisor of 7958 and 46.
46
Calculate the greatest common factor of 44 and 506.
22
Calculate the highest common factor of 32 and 96.
32
What is the highest common divisor of 8 and 408?
8
Calculate the highest common factor of 12 and 276.
12
Calculate the highest common divisor of 4155 and 15.
15
Calculate the highest common divisor of 210 and 480.
30
Calculate the highest common divisor of 52 and 12.
4
What is the highest common factor of 7215 and 195?
195
Calculate the highest common divisor of 253 and 207.
23
What is the greatest common divisor of 627 and 6?
3
What is the greatest common divisor of 12 and 1068?
12
Calculate the greatest common divisor of 26 and 17173.
13
Calculate the highest common divisor of 120 and 40.
40
Calculate the greatest common divisor of 160 and 1088.
32
Calculate the greatest common divisor of 10634 and 39.
13
What is the highest common factor of 747 and 99?
9
Calculate the highest common divisor of 31 and 465.
31
What is the highest common factor of 198 and 42?
6
Calculate the highest common divisor of 940 and 180.
20
What is the greatest common factor of 1342 and 418?
22
What is the highest common divisor of 28143 and 795?
159
Calculate the greatest common factor of 1054 and 170.
34
What is the highest common factor of 372 and 24?
12
What is the highest common divisor of 303 and 101?
101
Calculate the highest common factor of 126 and 1008.
126
Calculate the highest common factor of 18 and 3144.
6
What is the highest common factor of 1581 and 34?
17
What is the greatest common divisor of 109 and 38041?
109
Calculate the greatest common divisor of 594 and 154.
22
What is the highest common divisor of 8911 and 134?
67
Calculate the highest common factor of 18 and 1098.
18
Calculate the greatest common divisor of 119 and 1139.
17
What is the highest common divisor of 341 and 155?
31
Calculate the highest common divisor of 240 and 3.
3
Calculate the greatest common divisor of 4720 and 50.
10
What is the greatest common divisor of 116 and 92220?
116
Calculate the greatest common divisor of 14 and 182.
14
What is the highest common factor of 5904 and 369?
369
What is the highest common divisor of 8 and 68?
4
Calculate the greatest common divisor of 40 and 248.
8
What is the greatest common divisor of 36 and 17436?
12
Calculate the greatest common divisor of 378 and 728.
14
What is the highest common factor of 53688 and 48?
24
What is the highest common factor of 350 and 560?
70
What is the highest common factor of 20 and 13660?
20
Calculate the highest common factor of 10 and 10.
10
Calculate the highest common factor of 8 and 